{"id":7,"date":"2025-12-04T14:31:03","date_gmt":"2025-12-04T13:31:03","guid":{"rendered":"https:\/\/www.baelingenieria.com\/formacion\/?page_id=7"},"modified":"2026-01-07T14:03:30","modified_gmt":"2026-01-07T13:03:30","slug":"9-y-10-de-junio-cursos-ftth-y-fibra-optica","status":"publish","type":"page","link":"https:\/\/www.baelingenieria.com\/formacion\/","title":{"rendered":"19 y 10 de enero, Cursos FTTH y Fibra Optica"},"content":{"rendered":"<div class=\"franja contenido clara bael\">\n<div class=\"container\">\n<div class=\"col-sm-6\">\n<p>FTTH es una tecnolog\u00eda clave en la conexi\u00f3n a internet moderna.<\/p>\n<h3>Con la garant\u00eda Bael<\/h3>\n<p>Cursos FTTH y Fibra Optica<\/p>\n<p>Lorem ipsum dolor sit amet, consectetur adipiscing elit. Donec cursus lobortis bibendum. Proin blandit dapibus sem, eu maximus mauris egestas eu. Fusce non arcu non nibh vulputate maximus id id sapien. Aliquam felis risus, sit amet sodales purus pretium veled massa arcu, constur nec nibh a blandit volutpat quam. Proin a efficitur leo. Sed vitae est laoreet, dolor eu, mattis dolor. Aliquam pharetra sodales phare. Aprende m\u00e1s sobre la conexi\u00f3n y Cursos FTTH de Fibra Optica.<\/p>\n<p>Cursos FTTH y Fibra Optica<\/p>\n<p>In in dolor ac mauris vestibulum aliquam nec sit amet velit. Ut sed lacus tristique, sodales urna non, pharetra nulla. Sed in posuere nulla. In et justo commodo, interdum turpis et, blandit turpis. Mauris sed interdum tristique. Mauris aliquet viverra libero, a vehicula dui. Fusce id diam quam. Cursos dise\u00f1ados para la instalaci\u00f3n de FTTH y Fibra Optica.<\/p>\n<p>Curso FTTH &#8211; Instalaci\u00f3n y Mantenimiento de Red de Fibra Optica y FTTx, GIS, ESCAPEX, NEON, QGIS, Cobertura Fibra Optica, MARCo, VULA, NEBA<\/p>\n<p>Macrocurvatura, microcurvatura, perdidas de insercion<\/p>\n<p><a class=\"readmore\" href=\"\/bael\">Saber m\u00e1s<\/a><\/p>\n<\/div>\n<p><!--fin container--><\/p>\n<\/div>\n<\/div>\n","protected":false},"excerpt":{"rendered":"<p>FTTH es una tecnolog\u00eda clave en la conexi\u00f3n a internet moderna. Con la garant\u00eda Bael Cursos FTTH y Fibra Optica [&hellip;]<\/p>\n","protected":false},"author":1,"featured_media":36,"parent":0,"menu_order":0,"comment_status":"closed","ping_status":"closed","template":"templates\/homepage_cursos.php","meta":{"inline_featured_image":false,"footnotes":""},"class_list":["post-7","page","type-page","status-publish","has-post-thumbnail","hentry"],"yoast_head":"<!-- This site is optimized with the Yoast SEO Premium plugin v26.7 (Yoast SEO v26.7) - https:\/\/yoast.com\/wordpress\/plugins\/seo\/ -->\n<title>19 y 20 de enero - Cursos FTTH y Fibra \u00d3ptica<\/title>\n<meta name=\"description\" content=\"Mejora tus habilidades con los Cursos FTTH Fibra Optica y convi\u00e9rtete en experto en tecnolog\u00eda de fibra \u00f3ptica.\" \/>\n<meta name=\"robots\" content=\"index, follow, max-snippet:-1, max-image-preview:large, max-video-preview:-1\" \/>\n<link rel=\"canonical\" href=\"https:\/\/www.baelingenieria.com\/formacion\/\" \/>\n<meta property=\"og:locale\" content=\"es_ES\" \/>\n<meta property=\"og:type\" content=\"article\" \/>\n<meta property=\"og:title\" content=\"19 y 10 de enero, Cursos FTTH y Fibra Optica\" \/>\n<meta property=\"og:description\" content=\"Mejora tus habilidades con los Cursos FTTH Fibra Optica y convi\u00e9rtete en experto en tecnolog\u00eda de fibra \u00f3ptica.\" \/>\n<meta property=\"og:url\" content=\"https:\/\/www.baelingenieria.com\/formacion\/\" \/>\n<meta property=\"og:site_name\" content=\"Cursos FTTH y fibra optica\" \/>\n<meta property=\"article:modified_time\" content=\"2026-01-07T13:03:30+00:00\" \/>\n<meta property=\"og:image\" content=\"https:\/\/www.baelingenieria.com\/formacion\/wp-content\/uploads\/2018\/10\/bg-home.jpg\" \/>\n\t<meta property=\"og:image:width\" content=\"2000\" \/>\n\t<meta property=\"og:image:height\" content=\"450\" \/>\n\t<meta property=\"og:image:type\" content=\"image\/jpeg\" \/>\n<meta name=\"twitter:card\" content=\"summary_large_image\" \/>\n<meta name=\"twitter:label1\" content=\"Tiempo de lectura\" \/>\n\t<meta name=\"twitter:data1\" content=\"2 minutos\" \/>\n<script type=\"application\/ld+json\" class=\"yoast-schema-graph\">{\"@context\":\"https:\/\/schema.org\",\"@graph\":[{\"@type\":[\"Article\",\"BlogPosting\"],\"@id\":\"https:\/\/www.baelingenieria.com\/formacion\/#article\",\"isPartOf\":{\"@id\":\"https:\/\/www.baelingenieria.com\/formacion\/\"},\"author\":{\"name\":\"subelaweb\",\"@id\":\"https:\/\/www.baelingenieria.com\/formacion\/#\/schema\/person\/dc3973db3b133ab4ff7e74e2d904c583\"},\"headline\":\"19 y 10 de enero, Cursos FTTH y Fibra Optica\",\"datePublished\":\"2025-12-04T13:31:03+00:00\",\"dateModified\":\"2026-01-07T13:03:30+00:00\",\"mainEntityOfPage\":{\"@id\":\"https:\/\/www.baelingenieria.com\/formacion\/\"},\"wordCount\":206,\"publisher\":{\"@id\":\"https:\/\/www.baelingenieria.com\/formacion\/#organization\"},\"image\":{\"@id\":\"https:\/\/www.baelingenieria.com\/formacion\/#primaryimage\"},\"thumbnailUrl\":\"https:\/\/www.baelingenieria.com\/formacion\/wp-content\/uploads\/2018\/10\/bg-home.jpg\",\"inLanguage\":\"es\"},{\"@type\":\"WebPage\",\"@id\":\"https:\/\/www.baelingenieria.com\/formacion\/\",\"url\":\"https:\/\/www.baelingenieria.com\/formacion\/\",\"name\":\"19 y 20 de enero - Cursos FTTH y Fibra \u00d3ptica\",\"isPartOf\":{\"@id\":\"https:\/\/www.baelingenieria.com\/formacion\/#website\"},\"primaryImageOfPage\":{\"@id\":\"https:\/\/www.baelingenieria.com\/formacion\/#primaryimage\"},\"image\":{\"@id\":\"https:\/\/www.baelingenieria.com\/formacion\/#primaryimage\"},\"thumbnailUrl\":\"https:\/\/www.baelingenieria.com\/formacion\/wp-content\/uploads\/2018\/10\/bg-home.jpg\",\"datePublished\":\"2025-12-04T13:31:03+00:00\",\"dateModified\":\"2026-01-07T13:03:30+00:00\",\"description\":\"Mejora tus habilidades con los Cursos FTTH Fibra Optica y convi\u00e9rtete en experto en tecnolog\u00eda de fibra \u00f3ptica.\",\"breadcrumb\":{\"@id\":\"https:\/\/www.baelingenieria.com\/formacion\/#breadcrumb\"},\"inLanguage\":\"es\",\"potentialAction\":[{\"@type\":\"ReadAction\",\"target\":[\"https:\/\/www.baelingenieria.com\/formacion\/\"]}]},{\"@type\":\"ImageObject\",\"inLanguage\":\"es\",\"@id\":\"https:\/\/www.baelingenieria.com\/formacion\/#primaryimage\",\"url\":\"https:\/\/www.baelingenieria.com\/formacion\/wp-content\/uploads\/2018\/10\/bg-home.jpg\",\"contentUrl\":\"https:\/\/www.baelingenieria.com\/formacion\/wp-content\/uploads\/2018\/10\/bg-home.jpg\",\"width\":2000,\"height\":450,\"caption\":\"Cursos FTTH y Fibra Optica\"},{\"@type\":\"BreadcrumbList\",\"@id\":\"https:\/\/www.baelingenieria.com\/formacion\/#breadcrumb\",\"itemListElement\":[{\"@type\":\"ListItem\",\"position\":1,\"name\":\"Portada\",\"item\":\"https:\/\/www.baelingenieria.com\/formacion\/\"},{\"@type\":\"ListItem\",\"position\":2,\"name\":\"19 y 10 de enero, Cursos FTTH y Fibra Optica\"}]},{\"@type\":\"WebSite\",\"@id\":\"https:\/\/www.baelingenieria.com\/formacion\/#website\",\"url\":\"https:\/\/www.baelingenieria.com\/formacion\/\",\"name\":\"Cursos FTTH y fibra optica\",\"description\":\"Cursos, Formacion FTTH y fibra optica\",\"publisher\":{\"@id\":\"https:\/\/www.baelingenieria.com\/formacion\/#organization\"},\"potentialAction\":[{\"@type\":\"SearchAction\",\"target\":{\"@type\":\"EntryPoint\",\"urlTemplate\":\"https:\/\/www.baelingenieria.com\/formacion\/?s={search_term_string}\"},\"query-input\":{\"@type\":\"PropertyValueSpecification\",\"valueRequired\":true,\"valueName\":\"search_term_string\"}}],\"inLanguage\":\"es\"},{\"@type\":\"Organization\",\"@id\":\"https:\/\/www.baelingenieria.com\/formacion\/#organization\",\"name\":\"Bael Ingenieria\",\"url\":\"https:\/\/www.baelingenieria.com\/formacion\/\",\"logo\":{\"@type\":\"ImageObject\",\"inLanguage\":\"es\",\"@id\":\"https:\/\/www.baelingenieria.com\/formacion\/#\/schema\/logo\/image\/\",\"url\":\"https:\/\/www.baelingenieria.com\/formacion\/wp-content\/uploads\/2021\/11\/favicon_bael.png\",\"contentUrl\":\"https:\/\/www.baelingenieria.com\/formacion\/wp-content\/uploads\/2021\/11\/favicon_bael.png\",\"width\":55,\"height\":56,\"caption\":\"Bael Ingenieria\"},\"image\":{\"@id\":\"https:\/\/www.baelingenieria.com\/formacion\/#\/schema\/logo\/image\/\"}},{\"@type\":\"Person\",\"@id\":\"https:\/\/www.baelingenieria.com\/formacion\/#\/schema\/person\/dc3973db3b133ab4ff7e74e2d904c583\",\"name\":\"subelaweb\",\"image\":{\"@type\":\"ImageObject\",\"inLanguage\":\"es\",\"@id\":\"https:\/\/www.baelingenieria.com\/formacion\/#\/schema\/person\/image\/\",\"url\":\"https:\/\/secure.gravatar.com\/avatar\/a45fdd4a49b099cc46ca803e8d7249a78c9cb4f864e86d2e4ca0dfbb9e98f807?s=96&d=mm&r=g\",\"contentUrl\":\"https:\/\/secure.gravatar.com\/avatar\/a45fdd4a49b099cc46ca803e8d7249a78c9cb4f864e86d2e4ca0dfbb9e98f807?s=96&d=mm&r=g\",\"caption\":\"subelaweb\"},\"url\":\"https:\/\/www.baelingenieria.com\/formacion\/author\/subelaweb\/\"}]}<\/script>\n<!-- \/ Yoast SEO Premium plugin. -->","yoast_head_json":{"title":"19 y 20 de enero - Cursos FTTH y Fibra \u00d3ptica","description":"Mejora tus habilidades con los Cursos FTTH Fibra Optica y convi\u00e9rtete en experto en tecnolog\u00eda de fibra \u00f3ptica.","robots":{"index":"index","follow":"follow","max-snippet":"max-snippet:-1","max-image-preview":"max-image-preview:large","max-video-preview":"max-video-preview:-1"},"canonical":"https:\/\/www.baelingenieria.com\/formacion\/","og_locale":"es_ES","og_type":"article","og_title":"19 y 10 de enero, Cursos FTTH y Fibra Optica","og_description":"Mejora tus habilidades con los Cursos FTTH Fibra Optica y convi\u00e9rtete en experto en tecnolog\u00eda de fibra \u00f3ptica.","og_url":"https:\/\/www.baelingenieria.com\/formacion\/","og_site_name":"Cursos FTTH y fibra optica","article_modified_time":"2026-01-07T13:03:30+00:00","og_image":[{"width":2000,"height":450,"url":"https:\/\/www.baelingenieria.com\/formacion\/wp-content\/uploads\/2018\/10\/bg-home.jpg","type":"image\/jpeg"}],"twitter_card":"summary_large_image","twitter_misc":{"Tiempo de lectura":"2 minutos"},"schema":{"@context":"https:\/\/schema.org","@graph":[{"@type":["Article","BlogPosting"],"@id":"https:\/\/www.baelingenieria.com\/formacion\/#article","isPartOf":{"@id":"https:\/\/www.baelingenieria.com\/formacion\/"},"author":{"name":"subelaweb","@id":"https:\/\/www.baelingenieria.com\/formacion\/#\/schema\/person\/dc3973db3b133ab4ff7e74e2d904c583"},"headline":"19 y 10 de enero, Cursos FTTH y Fibra Optica","datePublished":"2025-12-04T13:31:03+00:00","dateModified":"2026-01-07T13:03:30+00:00","mainEntityOfPage":{"@id":"https:\/\/www.baelingenieria.com\/formacion\/"},"wordCount":206,"publisher":{"@id":"https:\/\/www.baelingenieria.com\/formacion\/#organization"},"image":{"@id":"https:\/\/www.baelingenieria.com\/formacion\/#primaryimage"},"thumbnailUrl":"https:\/\/www.baelingenieria.com\/formacion\/wp-content\/uploads\/2018\/10\/bg-home.jpg","inLanguage":"es"},{"@type":"WebPage","@id":"https:\/\/www.baelingenieria.com\/formacion\/","url":"https:\/\/www.baelingenieria.com\/formacion\/","name":"19 y 20 de enero - Cursos FTTH y Fibra \u00d3ptica","isPartOf":{"@id":"https:\/\/www.baelingenieria.com\/formacion\/#website"},"primaryImageOfPage":{"@id":"https:\/\/www.baelingenieria.com\/formacion\/#primaryimage"},"image":{"@id":"https:\/\/www.baelingenieria.com\/formacion\/#primaryimage"},"thumbnailUrl":"https:\/\/www.baelingenieria.com\/formacion\/wp-content\/uploads\/2018\/10\/bg-home.jpg","datePublished":"2025-12-04T13:31:03+00:00","dateModified":"2026-01-07T13:03:30+00:00","description":"Mejora tus habilidades con los Cursos FTTH Fibra Optica y convi\u00e9rtete en experto en tecnolog\u00eda de fibra \u00f3ptica.","breadcrumb":{"@id":"https:\/\/www.baelingenieria.com\/formacion\/#breadcrumb"},"inLanguage":"es","potentialAction":[{"@type":"ReadAction","target":["https:\/\/www.baelingenieria.com\/formacion\/"]}]},{"@type":"ImageObject","inLanguage":"es","@id":"https:\/\/www.baelingenieria.com\/formacion\/#primaryimage","url":"https:\/\/www.baelingenieria.com\/formacion\/wp-content\/uploads\/2018\/10\/bg-home.jpg","contentUrl":"https:\/\/www.baelingenieria.com\/formacion\/wp-content\/uploads\/2018\/10\/bg-home.jpg","width":2000,"height":450,"caption":"Cursos FTTH y Fibra Optica"},{"@type":"BreadcrumbList","@id":"https:\/\/www.baelingenieria.com\/formacion\/#breadcrumb","itemListElement":[{"@type":"ListItem","position":1,"name":"Portada","item":"https:\/\/www.baelingenieria.com\/formacion\/"},{"@type":"ListItem","position":2,"name":"19 y 10 de enero, Cursos FTTH y Fibra Optica"}]},{"@type":"WebSite","@id":"https:\/\/www.baelingenieria.com\/formacion\/#website","url":"https:\/\/www.baelingenieria.com\/formacion\/","name":"Cursos FTTH y fibra optica","description":"Cursos, Formacion FTTH y fibra optica","publisher":{"@id":"https:\/\/www.baelingenieria.com\/formacion\/#organization"},"potentialAction":[{"@type":"SearchAction","target":{"@type":"EntryPoint","urlTemplate":"https:\/\/www.baelingenieria.com\/formacion\/?s={search_term_string}"},"query-input":{"@type":"PropertyValueSpecification","valueRequired":true,"valueName":"search_term_string"}}],"inLanguage":"es"},{"@type":"Organization","@id":"https:\/\/www.baelingenieria.com\/formacion\/#organization","name":"Bael Ingenieria","url":"https:\/\/www.baelingenieria.com\/formacion\/","logo":{"@type":"ImageObject","inLanguage":"es","@id":"https:\/\/www.baelingenieria.com\/formacion\/#\/schema\/logo\/image\/","url":"https:\/\/www.baelingenieria.com\/formacion\/wp-content\/uploads\/2021\/11\/favicon_bael.png","contentUrl":"https:\/\/www.baelingenieria.com\/formacion\/wp-content\/uploads\/2021\/11\/favicon_bael.png","width":55,"height":56,"caption":"Bael Ingenieria"},"image":{"@id":"https:\/\/www.baelingenieria.com\/formacion\/#\/schema\/logo\/image\/"}},{"@type":"Person","@id":"https:\/\/www.baelingenieria.com\/formacion\/#\/schema\/person\/dc3973db3b133ab4ff7e74e2d904c583","name":"subelaweb","image":{"@type":"ImageObject","inLanguage":"es","@id":"https:\/\/www.baelingenieria.com\/formacion\/#\/schema\/person\/image\/","url":"https:\/\/secure.gravatar.com\/avatar\/a45fdd4a49b099cc46ca803e8d7249a78c9cb4f864e86d2e4ca0dfbb9e98f807?s=96&d=mm&r=g","contentUrl":"https:\/\/secure.gravatar.com\/avatar\/a45fdd4a49b099cc46ca803e8d7249a78c9cb4f864e86d2e4ca0dfbb9e98f807?s=96&d=mm&r=g","caption":"subelaweb"},"url":"https:\/\/www.baelingenieria.com\/formacion\/author\/subelaweb\/"}]}},"_links":{"self":[{"href":"https:\/\/www.baelingenieria.com\/formacion\/wp-json\/wp\/v2\/pages\/7","targetHints":{"allow":["GET"]}}],"collection":[{"href":"https:\/\/www.baelingenieria.com\/formacion\/wp-json\/wp\/v2\/pages"}],"about":[{"href":"https:\/\/www.baelingenieria.com\/formacion\/wp-json\/wp\/v2\/types\/page"}],"author":[{"embeddable":true,"href":"https:\/\/www.baelingenieria.com\/formacion\/wp-json\/wp\/v2\/users\/1"}],"replies":[{"embeddable":true,"href":"https:\/\/www.baelingenieria.com\/formacion\/wp-json\/wp\/v2\/comments?post=7"}],"version-history":[{"count":0,"href":"https:\/\/www.baelingenieria.com\/formacion\/wp-json\/wp\/v2\/pages\/7\/revisions"}],"wp:featuredmedia":[{"embeddable":true,"href":"https:\/\/www.baelingenieria.com\/formacion\/wp-json\/wp\/v2\/media\/36"}],"wp:attachment":[{"href":"https:\/\/www.baelingenieria.com\/formacion\/wp-json\/wp\/v2\/media?parent=7"}],"curies":[{"name":"wp","href":"https:\/\/api.w.org\/{rel}","templated":true}]}}